{"id":1032,"date":"2020-10-28T14:34:32","date_gmt":"2020-10-28T12:34:32","guid":{"rendered":"https:\/\/www.up2cloud.eu\/?page_id=1032"},"modified":"2020-10-28T15:09:40","modified_gmt":"2020-10-28T13:09:40","slug":"virtualna-serverovna","status":"publish","type":"page","link":"https:\/\/www.up2cloud.eu\/index.php\/virtualna-serverovna\/","title":{"rendered":"Virtu\u00e1lna serverov\u0148a"},"content":{"rendered":"\t\t<div data-elementor-type=\"wp-page\" data-elementor-id=\"1032\" class=\"elementor elementor-1032\" data-elementor-settings=\"[]\">\n\t\t\t\t\t\t<div class=\"elementor-inner\">\n\t\t\t\t\t\t\t<div class=\"elementor-section-wrap\">\n\t\t\t\t\t\t\t<section class=\"elementor-section elementor-top-section elementor-element elementor-element-6cd5aaa elementor-section-boxed elementor-section-height-default elementor-section-height-default\" data-id=\"6cd5aaa\" data-element_type=\"section\">\n\t\t\t\t\t\t<div class=\"elementor-container elementor-column-gap-default\">\n\t\t\t\t\t\t\t<div class=\"elementor-row\">\n\t\t\t\t\t<div class=\"elementor-column elementor-col-100 elementor-top-column elementor-element elementor-element-afa20bd\" data-id=\"afa20bd\" data-element_type=\"column\">\n\t\t\t<div class=\"elementor-column-wrap elementor-element-populated\">\n\t\t\t\t\t\t\t<div class=\"elementor-widget-wrap\">\n\t\t\t\t\t\t<div class=\"elementor-element elementor-element-121e61a elementor-widget elementor-widget-text-editor\" data-id=\"121e61a\" data-element_type=\"widget\" data-widget_type=\"text-editor.default\">\n\t\t\t\t<div class=\"elementor-widget-container\">\n\t\t\t\t\t\t\t\t<div class=\"elementor-text-editor elementor-clearfix\">\n\t\t\t\t\t<div style=\"text-align: justify;\"><p>Cie\u013eom tejto na\u0161ej slu\u017eby je pon\u00faknu\u0165\u00a0 v\u00e1m mo\u017enos\u0165 prev\u00e1dzkova\u0165 jeden alebo nieko\u013eko virtu\u00e1lnych serverov bez toho aby ste museli zn\u00e1\u0161a\u0165 n\u00e1klady na prev\u00e1dzku a \u00fadr\u017ebu va\u0161ich vlastn\u00fdch fyzick\u00fdch serverov.<\/p><h3>V\u00fdhody pren\u00e1jmu virtu\u00e1lnej serverovne<\/h3><ul><li>odpadaj\u00fa v\u00e1m n\u00e1klady na \u00fadr\u017ebu fyzick\u00e9ho hardv\u00e9ru<\/li><li>v\u010faka na\u0161ej slu\u017ebe nepotrebujete alebo potrebujete menej kvalifikovan\u00fdch pracovn\u00edkov (v pr\u00edpade v\u00e1\u0161ho z\u00e1ujmu v\u00e1m vieme poskytn\u00fa\u0165 aj spr\u00e1vu va\u0161\u00edch serverov)<\/li><li>v\u00a0pr\u00edpade \u017ee m\u00e1te nieko\u013eko pobo\u010diek, nemus\u00edte ma\u0165 starosti ak v\u00e1m vypadne elektrick\u00e1 energia v\u00a0jednej z\u00a0nich, ostatn\u00e9 m\u00f4\u017eu pracova\u0165 \u010falej bez preru\u0161enia<\/li><\/ul><h3>Bezpe\u010dnos\u0165<\/h3><ul><li>poskytujeme v\u00e1m mo\u017enos\u0165 va\u0161e d\u00e1ta \u0161ifrova\u0165 k\u013e\u00fa\u010dom ktor\u00fd pozn\u00e1te len vy <sup>1<\/sup><\/li><li>proti v\u00fdpadku elektrickej energie va\u0161e servery chr\u00e1ni benz\u00ednov\u00fd gener\u00e1tor elektrickej energie, ktor\u00fd sa postar\u00e1 o\u00a0nepreru\u0161ovan\u00fd chod va\u0161ich serverov<\/li><li>va\u0161e d\u00e1ta pravidelne z\u00e1lohujeme <sup>2<\/sup><\/li><li>va\u0161e d\u00e1ta s\u00fa ukladan\u00e9 aj mimo hlavn\u00e9ho d\u00e1tov\u00e9ho centra tak\u017ee ich neohroz\u00ed ani po\u017eiar v d\u00e1tovom centre, elektrick\u00e9 prep\u00e4tie (<a href=\"https:\/\/sk.wikipedia.org\/wiki\/Blesk\" target=\"_blank\" rel=\"noopener\">blesk<\/a>) alebo elektromagnetick\u00fd (<a href=\"https:\/\/sk.wikipedia.org\/wiki\/Elektromagnetick%C3%BD_impulz\" target=\"_blank\" rel=\"noopener\">EMP<\/a>) v\u00fdboj <sup>3<\/sup><\/li><\/ul><p>Va\u0161e d\u00e1tov\u00e9 centrum m\u00f4\u017ee by\u0165 vyskladan\u00e9 z VPS alebo dedikovan\u00fdch serverov v na\u0161ej ponuke no v pr\u00edpade z\u00e1ujmu v\u00e1m vieme poskytn\u00fa\u0165 aj ne\u0161tandardn\u00e9 produkty.<\/p><p>V pr\u00edpade z\u00e1ujmu n\u00e1s nev\u00e1hajte nez\u00e1v\u00e4zne kontaktova\u0165 p\u00edsomne prostredn\u00edctvom <a href=\"\/index.php\/contact\/\">kontaktn\u00e9ho formul\u00e1ra<\/a> alebo telefonicky a my sa pok\u00fasime zodpoveda\u0165 v\u0161etky va\u0161e ot\u00e1zky.<\/p><p><span style=\"font-size: 12px;\"><sup>1<\/sup> \u0161ifrovanie \u00fadajov je mo\u017en\u00e9 iba pri dedikovan\u00fdch serveroch<\/span><br \/><span style=\"font-size: 12px;\"><sup>2<\/sup> v\u00e1\u0161 server je z\u00e1lohovan\u00fd ka\u017ed\u00fdch 24 hod\u00edn a d\u00e1ta s\u00fa ukladan\u00e9 po\u010das 14 dn\u00ed<br \/><\/span><span style=\"font-size: 12px;\"><sup>3<\/sup> va\u0161e d\u00e1ta sa nach\u00e1dzaj\u00fa v <a href=\"https:\/\/goo.gl\/maps\/rw6PEwdyP5J8aZRcA\" target=\"_blank\" rel=\"noopener\">Pre\u0161ovskom<\/a> a <a href=\"https:\/\/goo.gl\/maps\/hD3PifRZQmttithE8\" target=\"_blank\" rel=\"noopener\">Sobraneckom<\/a> okrese kde s\u00fa pren\u00e1\u0161an\u00e9 ka\u017ed\u00fdch 15 min\u00fat v \u0161ifrovanej forme<\/span><\/p><\/div>\t\t\t\t\t<\/div>\n\t\t\t\t\t\t<\/div>\n\t\t\t\t<\/div>\n\t\t\t\t\t\t<\/div>\n\t\t\t\t\t<\/div>\n\t\t<\/div>\n\t\t\t\t\t\t\t\t<\/div>\n\t\t\t\t\t<\/div>\n\t\t<\/section>\n\t\t\t\t\t\t<\/div>\n\t\t\t\t\t\t<\/div>\n\t\t\t\t\t<\/div>\n\t\t","protected":false},"excerpt":{"rendered":"Cie\u013eom tejto na\u0161ej slu\u017eby je pon\u00faknu\u0165&nbsp; v\u00e1m mo\u017enos\u0165 prev\u00e1dzkova\u0165 jeden alebo nieko\u013eko virtu\u00e1lnych serverov bez toho aby ste museli zn\u00e1\u0161a\u0165 n\u00e1klady na prev\u00e1dzku a \u00fadr\u017ebu va\u0161ich vlastn\u00fdch fyzick\u00fdch serverov. V\u00fdhody pren\u00e1jmu virtu\u00e1lnej serverovne odpadaj\u00fa v\u00e1m n\u00e1klady na \u00fadr\u017ebu fyzick\u00e9ho hardv\u00e9ru v\u010faka na\u0161ej slu\u017ebe nepotrebujete alebo potrebujete menej kvalifikovan\u00fdch pracovn\u00edkov (v pr\u00edpade v\u00e1\u0161ho z\u00e1ujmu v\u00e1m vieme ","protected":false},"author":1,"featured_media":0,"parent":0,"menu_order":0,"comment_status":"closed","ping_status":"closed","template":"","meta":[],"_links":{"self":[{"href":"https:\/\/www.up2cloud.eu\/index.php\/wp-json\/wp\/v2\/pages\/1032"}],"collection":[{"href":"https:\/\/www.up2cloud.eu\/index.php\/wp-json\/wp\/v2\/pages"}],"about":[{"href":"https:\/\/www.up2cloud.eu\/index.php\/wp-json\/wp\/v2\/types\/page"}],"author":[{"embeddable":true,"href":"https:\/\/www.up2cloud.eu\/index.php\/wp-json\/wp\/v2\/users\/1"}],"replies":[{"embeddable":true,"href":"https:\/\/www.up2cloud.eu\/index.php\/wp-json\/wp\/v2\/comments?post=1032"}],"version-history":[{"count":8,"href":"https:\/\/www.up2cloud.eu\/index.php\/wp-json\/wp\/v2\/pages\/1032\/revisions"}],"predecessor-version":[{"id":1053,"href":"https:\/\/www.up2cloud.eu\/index.php\/wp-json\/wp\/v2\/pages\/1032\/revisions\/1053"}],"wp:attachment":[{"href":"https:\/\/www.up2cloud.eu\/index.php\/wp-json\/wp\/v2\/media?parent=1032"}],"curies":[{"name":"wp","href":"https:\/\/api.w.org\/{rel}","templated":true}]}}